[INFO] cloning repository https://github.com/ashar340/h3-quiche
[INFO] running `Command { std: "git" "-c" "credential.helper=" "-c" "credential.helper=/workspace/cargo-home/bin/git-credential-null" "clone" "--bare" "https://github.com/ashar340/h3-quiche" "/workspace/cache/git-repos/https%3A%2F%2Fgithub.com%2Fashar340%2Fh3-quiche", kill_on_drop: false }`
[INFO] [stderr] Cloning into bare repository '/workspace/cache/git-repos/https%3A%2F%2Fgithub.com%2Fashar340%2Fh3-quiche'...
[INFO] running `Command { std: "git" "rev-parse" "HEAD", kill_on_drop: false }`
[INFO] [stdout] 350c4b1a8b230e05967eb9d4f261de9318a74925
[INFO] checking ashar340/h3-quiche against master#9610dfe5a9a731ced1ea4923ecbd0c57fe367898 for beta-170-4
[INFO] running `Command { std: "git" "clone" "/workspace/cache/git-repos/https%3A%2F%2Fgithub.com%2Fashar340%2Fh3-quiche" "/workspace/builds/worker-6-tc1/source", kill_on_drop: false }`
[INFO] [stderr] Cloning into '/workspace/builds/worker-6-tc1/source'...
[INFO] [stderr] done.
[INFO] validating manifest of git repo https://github.com/ashar340/h3-quiche on toolchain 9610dfe5a9a731ced1ea4923ecbd0c57fe367898
[INFO] running `Command { std: CARGO_HOME="/workspace/cargo-home" RUSTUP_HOME="/workspace/rustup-home" "/workspace/cargo-home/bin/cargo" "+9610dfe5a9a731ced1ea4923ecbd0c57fe367898" "metadata" "--manifest-path" "Cargo.toml" "--no-deps", kill_on_drop: false }`
[INFO] started tweaking git repo https://github.com/ashar340/h3-quiche
[INFO] finished tweaking git repo https://github.com/ashar340/h3-quiche
[INFO] tweaked toml for git repo https://github.com/ashar340/h3-quiche written to /workspace/builds/worker-6-tc1/source/Cargo.toml
[INFO] crate git repo https://github.com/ashar340/h3-quiche already has a lockfile, it will not be regenerated
[INFO] running `Command { std: CARGO_HOME="/workspace/cargo-home" RUSTUP_HOME="/workspace/rustup-home" "/workspace/cargo-home/bin/cargo" "+9610dfe5a9a731ced1ea4923ecbd0c57fe367898" "fetch" "--manifest-path" "Cargo.toml", kill_on_drop: false }`
[INFO] [stderr]     Updating crates.io index
[INFO] [stderr]  Downloading crates ...
[INFO] [stderr]   Downloaded quiche v0.14.0
[INFO] [stderr]   Downloaded octets v0.1.0
[INFO] running `Command { std: "docker" "create" "-v" "/var/lib/crater-agent-workspace/builds/worker-6-tc1/target:/opt/rustwide/target:rw,Z" "-v" "/var/lib/crater-agent-workspace/builds/worker-6-tc1/source:/opt/rustwide/workdir:ro,Z" "-v" "/var/lib/crater-agent-workspace/cargo-home:/opt/rustwide/cargo-home:ro,Z" "-v" "/var/lib/crater-agent-workspace/rustup-home:/opt/rustwide/rustup-home:ro,Z" "-e" "SOURCE_DIR=/opt/rustwide/workdir" "-e" "CARGO_TARGET_DIR=/opt/rustwide/target" "-e" "CARGO_HOME=/opt/rustwide/cargo-home" "-e" "RUSTUP_HOME=/opt/rustwide/rustup-home" "-w" "/opt/rustwide/workdir" "-m" "1610612736" "--user" "0:0" "--network" "none" "ghcr.io/rust-lang/crates-build-env/linux@sha256:5ff2268d62e97bff2cde7d5815dd6ed5b47097566f13b8d0ca110b04b60e07ed" "/opt/rustwide/cargo-home/bin/cargo" "+9610dfe5a9a731ced1ea4923ecbd0c57fe367898" "metadata" "--no-deps" "--format-version=1", kill_on_drop: false }`
[INFO] [stdout] 66b98ce9058e994511a951a5c6d9706a835fee80d4d0178214ad95cafedb59c4
[INFO] running `Command { std: "docker" "start" "-a" "66b98ce9058e994511a951a5c6d9706a835fee80d4d0178214ad95cafedb59c4", kill_on_drop: false }`
[INFO] running `Command { std: "docker" "inspect" "66b98ce9058e994511a951a5c6d9706a835fee80d4d0178214ad95cafedb59c4", kill_on_drop: false }`
[INFO] running `Command { std: "docker" "rm" "-f" "66b98ce9058e994511a951a5c6d9706a835fee80d4d0178214ad95cafedb59c4", kill_on_drop: false }`
[INFO] [stdout] 66b98ce9058e994511a951a5c6d9706a835fee80d4d0178214ad95cafedb59c4
[INFO] running `Command { std: "docker" "create" "-v" "/var/lib/crater-agent-workspace/builds/worker-6-tc1/target:/opt/rustwide/target:rw,Z" "-v" "/var/lib/crater-agent-workspace/builds/worker-6-tc1/source:/opt/rustwide/workdir:ro,Z" "-v" "/var/lib/crater-agent-workspace/cargo-home:/opt/rustwide/cargo-home:ro,Z" "-v" "/var/lib/crater-agent-workspace/rustup-home:/opt/rustwide/rustup-home:ro,Z" "-e" "SOURCE_DIR=/opt/rustwide/workdir" "-e" "CARGO_TARGET_DIR=/opt/rustwide/target" "-e" "CARGO_INCREMENTAL=0" "-e" "RUST_BACKTRACE=full" "-e" "RUSTFLAGS=--cap-lints=forbid" "-e" "RUSTDOCFLAGS=--cap-lints=forbid" "-e" "CARGO_HOME=/opt/rustwide/cargo-home" "-e" "RUSTUP_HOME=/opt/rustwide/rustup-home" "-w" "/opt/rustwide/workdir" "-m" "1610612736" "--user" "0:0" "--network" "none" "ghcr.io/rust-lang/crates-build-env/linux@sha256:5ff2268d62e97bff2cde7d5815dd6ed5b47097566f13b8d0ca110b04b60e07ed" "/opt/rustwide/cargo-home/bin/cargo" "+9610dfe5a9a731ced1ea4923ecbd0c57fe367898" "check" "--frozen" "--all" "--all-targets" "--message-format=json", kill_on_drop: false }`
[INFO] [stdout] 4c4ff29002a380ac6e913e0b6b79ad886dfa0266c1aa02daee2ab3b37dcba5a1
[INFO] running `Command { std: "docker" "start" "-a" "4c4ff29002a380ac6e913e0b6b79ad886dfa0266c1aa02daee2ab3b37dcba5a1", kill_on_drop: false }`
[INFO] [stderr]    Compiling cc v1.0.73
[INFO] [stderr]    Compiling libc v0.2.126
[INFO] [stderr]    Compiling log v0.4.17
[INFO] [stderr]    Compiling libm v0.2.2
[INFO] [stderr]     Checking once_cell v1.13.0
[INFO] [stderr]     Checking octets v0.1.0
[INFO] [stderr]    Compiling cmake v0.1.48
[INFO] [stderr]    Compiling ring v0.16.20
[INFO] [stderr]    Compiling quiche v0.14.0
[INFO] [stderr]     Checking h3-quiche v0.1.0 (/opt/rustwide/workdir)
[INFO] [stdout] error[E0463]: can't find crate for `log`
[INFO] [stdout]   --> src/main.rs:27:1
[INFO] [stdout]    |
[INFO] [stdout] 27 | extern crate log;
[INFO] [stdout]    | ^^^^^^^^^^^^^^^^^ can't find crate
[INFO] [stdout] 
[INFO] [stdout] 
[INFO] [stdout] error[E0463]: can't find crate for `log`
[INFO] [stdout]   --> src/main.rs:27:1
[INFO] [stdout]    |
[INFO] [stdout] 27 | extern crate log;
[INFO] [stdout]    | ^^^^^^^^^^^^^^^^^ can't find crate
[INFO] [stdout] 
[INFO] [stdout] 
[INFO] [stdout] error[E0433]: failed to resolve: use of undeclared crate or module `ring`
[INFO] [stdout]   --> src/main.rs:30:5
[INFO] [stdout]    |
[INFO] [stdout] 30 | use ring::rand::*;
[INFO] [stdout]    |     ^^^^ use of undeclared crate or module `ring`
[INFO] [stdout] 
[INFO] [stdout] 
[INFO] [stdout] error[E0433]: failed to resolve: use of undeclared crate or module `ring`
[INFO] [stdout]   --> src/main.rs:30:5
[INFO] [stdout]    |
[INFO] [stdout] 30 | use ring::rand::*;
[INFO] [stdout]    |     ^^^^ use of undeclared crate or module `ring`
[INFO] [stdout] 
[INFO] [stdout] 
[INFO] [stdout] error: cannot find macro `debug` in this scope
[INFO] [stdout]    --> src/main.rs:107:17
[INFO] [stdout]     |
[INFO] [stdout] 107 |                 debug!("timed out");
[INFO] [stdout]     |                 ^^^^^
[INFO] [stdout] 
[INFO] [stdout] 
[INFO] [stdout] error: cannot find macro `debug` in this scope
[INFO] [stdout]    --> src/main.rs:107:17
[INFO] [stdout]     |
[INFO] [stdout] 107 |                 debug!("timed out");
[INFO] [stdout]     |                 ^^^^^
[INFO] [stdout] 
[INFO] [stdout] 
[INFO] [stdout] error: cannot find macro `debug` in this scope
[INFO] [stdout]    --> src/main.rs:117:25
[INFO] [stdout]     |
[INFO] [stdout] 117 |                         debug!("recv() would block");
[INFO] [stdout]     |                         ^^^^^
[INFO] [stdout] 
[INFO] [stdout] 
[INFO] [stdout] error: cannot find macro `debug` in this scope
[INFO] [stdout]    --> src/main.rs:117:25
[INFO] [stdout]     |
[INFO] [stdout] 117 |                         debug!("recv() would block");
[INFO] [stdout]     |                         ^^^^^
[INFO] [stdout] 
[INFO] [stdout] 
[INFO] [stdout] error: cannot find macro `debug` in this scope
[INFO] [stdout]    --> src/main.rs:123:13
[INFO] [stdout]     |
[INFO] [stdout] 123 |             debug!("got {} bytes", len);
[INFO] [stdout]     |             ^^^^^
[INFO] [stdout] 
[INFO] [stdout] 
[INFO] [stdout] error: cannot find macro `debug` in this scope
[INFO] [stdout]    --> src/main.rs:123:13
[INFO] [stdout]     |
[INFO] [stdout] 123 |             debug!("got {} bytes", len);
[INFO] [stdout]     |             ^^^^^
[INFO] [stdout] 
[INFO] [stdout] 
[INFO] [stdout] error: cannot find macro `error` in this scope
[INFO] [stdout]    --> src/main.rs:132:21
[INFO] [stdout]     |
[INFO] [stdout] 132 |                     error!("Parsing packet header failed: {:?}", e);
[INFO] [stdout]     |                     ^^^^^
[INFO] [stdout] 
[INFO] [stdout] 
[INFO] [stdout] error: cannot find macro `error` in this scope
[INFO] [stdout]    --> src/main.rs:132:21
[INFO] [stdout]     |
[INFO] [stdout] 132 |                     error!("Parsing packet header failed: {:?}", e);
[INFO] [stdout]     |                     ^^^^^
[INFO] [stdout] 
[INFO] [stdout] 
[INFO] [stdout] error: cannot find macro `trace` in this scope
[INFO] [stdout]    --> src/main.rs:136:13
[INFO] [stdout]     |
[INFO] [stdout] 136 |             trace!("got packet {:?}", hdr);
[INFO] [stdout]     |             ^^^^^
[INFO] [stdout] 
[INFO] [stdout] 
[INFO] [stdout] error: cannot find macro `trace` in this scope
[INFO] [stdout]    --> src/main.rs:136:13
[INFO] [stdout]     |
[INFO] [stdout] 136 |             trace!("got packet {:?}", hdr);
[INFO] [stdout]     |             ^^^^^
[INFO] [stdout] 
[INFO] [stdout] 
[INFO] [stdout] error: cannot find macro `error` in this scope
[INFO] [stdout]    --> src/main.rs:146:21
[INFO] [stdout]     |
[INFO] [stdout] 146 |                     error!("Packet is not Initial");
[INFO] [stdout]     |                     ^^^^^
[INFO] [stdout] 
[INFO] [stdout] 
[INFO] [stdout] error: cannot find macro `error` in this scope
[INFO] [stdout]    --> src/main.rs:146:21
[INFO] [stdout]     |
[INFO] [stdout] 146 |                     error!("Packet is not Initial");
[INFO] [stdout]     |                     ^^^^^
[INFO] [stdout] 
[INFO] [stdout] 
[INFO] [stdout] error: cannot find macro `warn` in this scope
[INFO] [stdout]    --> src/main.rs:150:21
[INFO] [stdout]     |
[INFO] [stdout] 150 |                     warn!("Doing version negotiation");
[INFO] [stdout]     |                     ^^^^
[INFO] [stdout]     |
[INFO] [stdout]     = note: `warn` is in scope, but it is an attribute: `#[warn]`
[INFO] [stdout] 
[INFO] [stdout] 
[INFO] [stdout] error: cannot find macro `warn` in this scope
[INFO] [stdout]    --> src/main.rs:150:21
[INFO] [stdout]     |
[INFO] [stdout] 150 |                     warn!("Doing version negotiation");
[INFO] [stdout]     |                     ^^^^
[INFO] [stdout]     |
[INFO] [stdout]     = note: `warn` is in scope, but it is an attribute: `#[warn]`
[INFO] [stdout] 
[INFO] [stdout] 
[INFO] [stdout] error: cannot find macro `debug` in this scope
[INFO] [stdout]    --> src/main.rs:157:29
[INFO] [stdout]     |
[INFO] [stdout] 157 | ...                   debug!("send() would block");
[INFO] [stdout]     |                       ^^^^^
[INFO] [stdout] 
[INFO] [stdout] 
[INFO] [stdout] error: cannot find macro `debug` in this scope
[INFO] [stdout]    --> src/main.rs:157:29
[INFO] [stdout]     |
[INFO] [stdout] 157 | ...                   debug!("send() would block");
[INFO] [stdout]     |                       ^^^^^
[INFO] [stdout] 
[INFO] [stdout] 
[INFO] [stdout] error: cannot find macro `warn` in this scope
[INFO] [stdout]    --> src/main.rs:171:21
[INFO] [stdout]     |
[INFO] [stdout] 171 |                     warn!("Doing stateless retry");
[INFO] [stdout]     |                     ^^^^
[INFO] [stdout]     |
[INFO] [stdout]     = note: `warn` is in scope, but it is an attribute: `#[warn]`
[INFO] [stdout] 
[INFO] [stdout] 
[INFO] [stdout] error: cannot find macro `warn` in this scope
[INFO] [stdout]    --> src/main.rs:171:21
[INFO] [stdout]     |
[INFO] [stdout] 171 |                     warn!("Doing stateless retry");
[INFO] [stdout]     |                     ^^^^
[INFO] [stdout]     |
[INFO] [stdout]     = note: `warn` is in scope, but it is an attribute: `#[warn]`
[INFO] [stdout] 
[INFO] [stdout] 
[INFO] [stdout] error: cannot find macro `debug` in this scope
[INFO] [stdout]    --> src/main.rs:185:29
[INFO] [stdout]     |
[INFO] [stdout] 185 | ...                   debug!("send() would block");
[INFO] [stdout]     |                       ^^^^^
[INFO] [stdout] 
[INFO] [stdout] 
[INFO] [stdout] error: cannot find macro `debug` in this scope
[INFO] [stdout]    --> src/main.rs:185:29
[INFO] [stdout]     |
[INFO] [stdout] 185 | ...                   debug!("send() would block");
[INFO] [stdout]     |                       ^^^^^
[INFO] [stdout] 
[INFO] [stdout] 
[INFO] [stdout] error: cannot find macro `error` in this scope
[INFO] [stdout]    --> src/main.rs:196:21
[INFO] [stdout]     |
[INFO] [stdout] 196 |                     error!("Invalid address validation token");
[INFO] [stdout]     |                     ^^^^^
[INFO] [stdout] 
[INFO] [stdout] 
[INFO] [stdout] error: cannot find macro `error` in this scope
[INFO] [stdout]    --> src/main.rs:196:21
[INFO] [stdout]     |
[INFO] [stdout] 196 |                     error!("Invalid address validation token");
[INFO] [stdout]     |                     ^^^^^
[INFO] [stdout] 
[INFO] [stdout] 
[INFO] [stdout] error: cannot find macro `error` in this scope
[INFO] [stdout]    --> src/main.rs:200:21
[INFO] [stdout]     |
[INFO] [stdout] 200 |                     error!("Invalid destination connection ID");
[INFO] [stdout]     |                     ^^^^^
[INFO] [stdout] 
[INFO] [stdout] 
[INFO] [stdout] error: cannot find macro `debug` in this scope
[INFO] [stdout]    --> src/main.rs:206:17
[INFO] [stdout]     |
[INFO] [stdout] 206 |                 debug!("New connection: dcid={:?} scid={:?}", hdr.dcid, scid);
[INFO] [stdout]     |                 ^^^^^
[INFO] [stdout] 
[INFO] [stdout] 
[INFO] [stdout] error: cannot find macro `error` in this scope
[INFO] [stdout]    --> src/main.rs:228:21
[INFO] [stdout]     |
[INFO] [stdout] 228 |                     error!("{} recv failed: {:?}", client.conn.trace_id(), e);
[INFO] [stdout]     |                     ^^^^^
[INFO] [stdout] 
[INFO] [stdout] 
[INFO] [stdout] error: cannot find macro `debug` in this scope
[INFO] [stdout]    --> src/main.rs:232:13
[INFO] [stdout]     |
[INFO] [stdout] 232 |             debug!("{} processed {} bytes", client.conn.trace_id(), read);
[INFO] [stdout]     |             ^^^^^
[INFO] [stdout] 
[INFO] [stdout] 
[INFO] [stdout] error: cannot find macro `debug` in this scope
[INFO] [stdout]    --> src/main.rs:238:17
[INFO] [stdout]     |
[INFO] [stdout] 238 |                 debug!(
[INFO] [stdout]     |                 ^^^^^
[INFO] [stdout] 
[INFO] [stdout] 
[INFO] [stdout] error: cannot find macro `error` in this scope
[INFO] [stdout]    --> src/main.rs:248:25
[INFO] [stdout]     |
[INFO] [stdout] 248 |                         error!("failed to create HTTP/3 connection: {}", e);
[INFO] [stdout]     |                         ^^^^^
[INFO] [stdout] 
[INFO] [stdout] 
[INFO] [stdout] error: cannot find macro `error` in this scope
[INFO] [stdout]    --> src/main.rs:200:21
[INFO] [stdout]     |
[INFO] [stdout] 200 |                     error!("Invalid destination connection ID");
[INFO] [stdout]     |                     ^^^^^
[INFO] [stdout] 
[INFO] [stdout] 
[INFO] [stdout] error: cannot find macro `debug` in this scope
[INFO] [stdout]    --> src/main.rs:206:17
[INFO] [stdout]     |
[INFO] [stdout] 206 |                 debug!("New connection: dcid={:?} scid={:?}", hdr.dcid, scid);
[INFO] [stdout]     |                 ^^^^^
[INFO] [stdout] 
[INFO] [stdout] 
[INFO] [stdout] error: cannot find macro `error` in this scope
[INFO] [stdout]    --> src/main.rs:228:21
[INFO] [stdout]     |
[INFO] [stdout] 228 |                     error!("{} recv failed: {:?}", client.conn.trace_id(), e);
[INFO] [stdout]     |                     ^^^^^
[INFO] [stdout] 
[INFO] [stdout] 
[INFO] [stdout] error: cannot find macro `debug` in this scope
[INFO] [stdout]    --> src/main.rs:232:13
[INFO] [stdout]     |
[INFO] [stdout] 232 |             debug!("{} processed {} bytes", client.conn.trace_id(), read);
[INFO] [stdout]     |             ^^^^^
[INFO] [stdout] 
[INFO] [stdout] 
[INFO] [stdout] error: cannot find macro `debug` in this scope
[INFO] [stdout]    --> src/main.rs:238:17
[INFO] [stdout]     |
[INFO] [stdout] 238 |                 debug!(
[INFO] [stdout]     |                 ^^^^^
[INFO] [stdout] 
[INFO] [stdout] 
[INFO] [stdout] error: cannot find macro `info` in this scope
[INFO] [stdout]    --> src/main.rs:276:29
[INFO] [stdout]     |
[INFO] [stdout] 276 | ...                   info!(
[INFO] [stdout]     |                       ^^^^
[INFO] [stdout] 
[INFO] [stdout] 
[INFO] [stdout] error: cannot find macro `error` in this scope
[INFO] [stdout]    --> src/main.rs:248:25
[INFO] [stdout]     |
[INFO] [stdout] 248 |                         error!("failed to create HTTP/3 connection: {}", e);
[INFO] [stdout]     |                         ^^^^^
[INFO] [stdout] 
[INFO] [stdout] 
[INFO] [stdout] error: cannot find macro `info` in this scope
[INFO] [stdout]    --> src/main.rs:276:29
[INFO] [stdout]     |
[INFO] [stdout] 276 | ...                   info!(
[INFO] [stdout]     |                       ^^^^
[INFO] [stdout] 
[INFO] [stdout] 
[INFO] [stdout] error: cannot find macro `error` in this scope
[INFO] [stdout]    --> src/main.rs:289:29
[INFO] [stdout]     |
[INFO] [stdout] 289 | ...                   error!(
[INFO] [stdout]     |                       ^^^^^
[INFO] [stdout] 
[INFO] [stdout] 
[INFO] [stdout] error: cannot find macro `error` in this scope
[INFO] [stdout]    --> src/main.rs:289:29
[INFO] [stdout]     |
[INFO] [stdout] 289 | ...                   error!(
[INFO] [stdout]     |                       ^^^^^
[INFO] [stdout] 
[INFO] [stdout] 
[INFO] [stdout] error: cannot find macro `debug` in this scope
[INFO] [stdout]    --> src/main.rs:308:25
[INFO] [stdout]     |
[INFO] [stdout] 308 |                         debug!("{} done writing", client.conn.trace_id());
[INFO] [stdout]     |                         ^^^^^
[INFO] [stdout] 
[INFO] [stdout] 
[INFO] [stdout] error: cannot find macro `debug` in this scope
[INFO] [stdout]    --> src/main.rs:308:25
[INFO] [stdout]     |
[INFO] [stdout] 308 |                         debug!("{} done writing", client.conn.trace_id());
[INFO] [stdout]     |                         ^^^^^
[INFO] [stdout] 
[INFO] [stdout] 
[INFO] [stdout] error: cannot find macro `error` in this scope
[INFO] [stdout]    --> src/main.rs:312:25
[INFO] [stdout]     |
[INFO] [stdout] 312 |                         error!("{} send failed: {:?}", client.conn.trace_id(), e);
[INFO] [stdout]     |                         ^^^^^
[INFO] [stdout] 
[INFO] [stdout] 
[INFO] [stdout] error: cannot find macro `error` in this scope
[INFO] [stdout]    --> src/main.rs:312:25
[INFO] [stdout]     |
[INFO] [stdout] 312 |                         error!("{} send failed: {:?}", client.conn.trace_id(), e);
[INFO] [stdout]     |                         ^^^^^
[INFO] [stdout] 
[INFO] [stdout] 
[INFO] [stdout] error: cannot find macro `debug` in this scope
[INFO] [stdout]    --> src/main.rs:319:25
[INFO] [stdout]     |
[INFO] [stdout] 319 |                         debug!("send() would block");
[INFO] [stdout]     |                         ^^^^^
[INFO] [stdout] 
[INFO] [stdout] 
[INFO] [stdout] error: cannot find macro `debug` in this scope
[INFO] [stdout]    --> src/main.rs:319:25
[INFO] [stdout]     |
[INFO] [stdout] 319 |                         debug!("send() would block");
[INFO] [stdout]     |                         ^^^^^
[INFO] [stdout] 
[INFO] [stdout] 
[INFO] [stdout] error: cannot find macro `debug` in this scope
[INFO] [stdout]    --> src/main.rs:324:17
[INFO] [stdout]     |
[INFO] [stdout] 324 |                 debug!("{} written {} bytes", client.conn.trace_id(), write);
[INFO] [stdout]     |                 ^^^^^
[INFO] [stdout] 
[INFO] [stdout] 
[INFO] [stdout] error: cannot find macro `debug` in this scope
[INFO] [stdout]    --> src/main.rs:324:17
[INFO] [stdout]     |
[INFO] [stdout] 324 |                 debug!("{} written {} bytes", client.conn.trace_id(), write);
[INFO] [stdout]     |                 ^^^^^
[INFO] [stdout] 
[INFO] [stdout] 
[INFO] [stdout] error: cannot find macro `debug` in this scope
[INFO] [stdout]    --> src/main.rs:329:13
[INFO] [stdout]     |
[INFO] [stdout] 329 |             debug!("Collecting garbage");
[INFO] [stdout]     |             ^^^^^
[INFO] [stdout] 
[INFO] [stdout] 
[INFO] [stdout] error: cannot find macro `debug` in this scope
[INFO] [stdout]    --> src/main.rs:329:13
[INFO] [stdout]     |
[INFO] [stdout] 329 |             debug!("Collecting garbage");
[INFO] [stdout]     |             ^^^^^
[INFO] [stdout] 
[INFO] [stdout] 
[INFO] [stdout] error: cannot find macro `info` in this scope
[INFO] [stdout]    --> src/main.rs:331:17
[INFO] [stdout]     |
[INFO] [stdout] 331 |                 info!(
[INFO] [stdout]     |                 ^^^^
[INFO] [stdout] 
[INFO] [stdout] 
[INFO] [stdout] error: cannot find macro `info` in this scope
[INFO] [stdout]    --> src/main.rs:331:17
[INFO] [stdout]     |
[INFO] [stdout] 331 |                 info!(
[INFO] [stdout]     |                 ^^^^
[INFO] [stdout] 
[INFO] [stdout] 
[INFO] [stdout] error: cannot find macro `info` in this scope
[INFO] [stdout]    --> src/main.rs:393:5
[INFO] [stdout]     |
[INFO] [stdout] 393 |     info!(
[INFO] [stdout]     |     ^^^^
[INFO] [stdout] 
[INFO] [stdout] 
[INFO] [stdout] error: cannot find macro `info` in this scope
[INFO] [stdout]    --> src/main.rs:393:5
[INFO] [stdout]     |
[INFO] [stdout] 393 |     info!(
[INFO] [stdout]     |     ^^^^
[INFO] [stdout] 
[INFO] [stdout] 
[INFO] [stdout] error: cannot find macro `error` in this scope
[INFO] [stdout]    --> src/main.rs:417:13
[INFO] [stdout]     |
[INFO] [stdout] 417 |             error!("{} stream send failed {:?}", conn.trace_id(), e);
[INFO] [stdout]     |             ^^^^^
[INFO] [stdout] 
[INFO] [stdout] 
[INFO] [stdout] error: cannot find macro `error` in this scope
[INFO] [stdout]    --> src/main.rs:417:13
[INFO] [stdout]     |
[INFO] [stdout] 417 |             error!("{} stream send failed {:?}", conn.trace_id(), e);
[INFO] [stdout]     |             ^^^^^
[INFO] [stdout] 
[INFO] [stdout] 
[INFO] [stdout] error: cannot find macro `error` in this scope
[INFO] [stdout]    --> src/main.rs:425:13
[INFO] [stdout]     |
[INFO] [stdout] 425 |             error!("{} stream send failed {:?}", conn.trace_id(), e);
[INFO] [stdout]     |             ^^^^^
[INFO] [stdout] 
[INFO] [stdout] 
[INFO] [stdout] error: cannot find macro `error` in this scope
[INFO] [stdout]    --> src/main.rs:425:13
[INFO] [stdout]     |
[INFO] [stdout] 425 |             error!("{} stream send failed {:?}", conn.trace_id(), e);
[INFO] [stdout]     |             ^^^^^
[INFO] [stdout] 
[INFO] [stdout] 
[INFO] [stdout] error: cannot find macro `debug` in this scope
[INFO] [stdout]    --> src/main.rs:484:5
[INFO] [stdout]     |
[INFO] [stdout] 484 |     debug!("{} stream {} is writable", conn.trace_id(), stream_id);
[INFO] [stdout]     |     ^^^^^
[INFO] [stdout] 
[INFO] [stdout] 
[INFO] [stdout] error: cannot find macro `debug` in this scope
[INFO] [stdout]    --> src/main.rs:484:5
[INFO] [stdout]     |
[INFO] [stdout] 484 |     debug!("{} stream {} is writable", conn.trace_id(), stream_id);
[INFO] [stdout]     |     ^^^^^
[INFO] [stdout] 
[INFO] [stdout] 
[INFO] [stdout] error: cannot find macro `error` in this scope
[INFO] [stdout]    --> src/main.rs:496:17
[INFO] [stdout]     |
[INFO] [stdout] 496 |                 error!("{} stream send failed {:?}", conn.trace_id(), e);
[INFO] [stdout]     |                 ^^^^^
[INFO] [stdout] 
[INFO] [stdout] 
[INFO] [stdout] error: cannot find macro `error` in this scope
[INFO] [stdout]    --> src/main.rs:496:17
[INFO] [stdout]     |
[INFO] [stdout] 496 |                 error!("{} stream send failed {:?}", conn.trace_id(), e);
[INFO] [stdout]     |                 ^^^^^
[INFO] [stdout] 
[INFO] [stdout] 
[INFO] [stdout] error: cannot find macro `error` in this scope
[INFO] [stdout]    --> src/main.rs:508:13
[INFO] [stdout]     |
[INFO] [stdout] 508 |             error!("{} stream send failed {:?}", conn.trace_id(), e);
[INFO] [stdout]     |             ^^^^^
[INFO] [stdout] 
[INFO] [stdout] 
[INFO] [stdout] error: cannot find macro `error` in this scope
[INFO] [stdout]    --> src/main.rs:508:13
[INFO] [stdout]     |
[INFO] [stdout] 508 |             error!("{} stream send failed {:?}", conn.trace_id(), e);
[INFO] [stdout]     |             ^^^^^
[INFO] [stdout] 
[INFO] [stdout] 
[INFO] [stdout] error[E0433]: failed to resolve: use of undeclared crate or module `mio`
[INFO] [stdout]   --> src/main.rs:56:22
[INFO] [stdout]    |
[INFO] [stdout] 56 |     let mut events = mio::Events::with_capacity(1024);
[INFO] [stdout]    |                      ^^^ use of undeclared crate or module `mio`
[INFO] [stdout] 
[INFO] [stdout] 
[INFO] [stdout] error[E0433]: failed to resolve: use of undeclared crate or module `mio`
[INFO] [stdout]   --> src/main.rs:56:22
[INFO] [stdout]    |
[INFO] [stdout] 56 |     let mut events = mio::Events::with_capacity(1024);
[INFO] [stdout]    |                      ^^^ use of undeclared crate or module `mio`
[INFO] [stdout] 
[INFO] [stdout] 
[INFO] [stdout] error[E0433]: failed to resolve: use of undeclared crate or module `mio`
[INFO] [stdout]   --> src/main.rs:64:9
[INFO] [stdout]    |
[INFO] [stdout] 64 |         mio::PollOpt::edge(),
[INFO] [stdout]    |         ^^^ use of undeclared crate or module `mio`
[INFO] [stdout] 
[INFO] [stdout] 
[INFO] [stdout] error[E0433]: failed to resolve: use of undeclared crate or module `mio`
[INFO] [stdout]   --> src/main.rs:64:9
[INFO] [stdout]    |
[INFO] [stdout] 64 |         mio::PollOpt::edge(),
[INFO] [stdout]    |         ^^^ use of undeclared crate or module `mio`
[INFO] [stdout] 
[INFO] [stdout] 
[INFO] [stdout] error[E0433]: failed to resolve: use of undeclared crate or module `ring`
[INFO] [stdout]   --> src/main.rs:92:35
[INFO] [stdout]    |
[INFO] [stdout] 92 |         ring::hmac::Key::generate(ring::hmac::HMAC_SHA256, &rng).unwrap();
[INFO] [stdout]    |                                   ^^^^ use of undeclared crate or module `ring`
[INFO] [stdout] 
[INFO] [stdout] 
[INFO] [stdout] error[E0433]: failed to resolve: use of undeclared crate or module `ring`
[INFO] [stdout]   --> src/main.rs:92:35
[INFO] [stdout]    |
[INFO] [stdout] 92 |         ring::hmac::Key::generate(ring::hmac::HMAC_SHA256, &rng).unwrap();
[INFO] [stdout]    |                                   ^^^^ use of undeclared crate or module `ring`
[INFO] [stdout] 
[INFO] [stdout] 
[INFO] [stdout] error[E0433]: failed to resolve: use of undeclared crate or module `ring`
[INFO] [stdout]    --> src/main.rs:137:27
[INFO] [stdout]     |
[INFO] [stdout] 137 |             let conn_id = ring::hmac::sign(&conn_id_seed, &hdr.dcid);
[INFO] [stdout]     |                           ^^^^ use of undeclared crate or module `ring`
[INFO] [stdout] 
[INFO] [stdout] 
[INFO] [stdout] error[E0433]: failed to resolve: use of undeclared crate or module `ring`
[INFO] [stdout]    --> src/main.rs:137:27
[INFO] [stdout]     |
[INFO] [stdout] 137 |             let conn_id = ring::hmac::sign(&conn_id_seed, &hdr.dcid);
[INFO] [stdout]     |                           ^^^^ use of undeclared crate or module `ring`
[INFO] [stdout] 
[INFO] [stdout] 
[INFO] [stdout] error[E0433]: failed to resolve: use of undeclared crate or module `mio`
[INFO] [stdout]   --> src/main.rs:55:16
[INFO] [stdout]    |
[INFO] [stdout] 55 |     let poll = mio::Poll::new().unwrap();
[INFO] [stdout]    |                ^^^ use of undeclared crate or module `mio`
[INFO] [stdout]    |
[INFO] [stdout] help: consider importing one of these items
[INFO] [stdout]    |
[INFO] [stdout] 28 + use core::task::Poll;
[INFO] [stdout]    |
[INFO] [stdout] 28 + use std::task::Poll;
[INFO] [stdout]    |
[INFO] [stdout] help: if you import `Poll`, refer to it directly
[INFO] [stdout]    |
[INFO] [stdout] 55 -     let poll = mio::Poll::new().unwrap();
[INFO] [stdout] 55 +     let poll = Poll::new().unwrap();
[INFO] [stdout]    |
[INFO] [stdout] 
[INFO] [stdout] 
[INFO] [stdout] error[E0433]: failed to resolve: use of undeclared crate or module `mio`
[INFO] [stdout]   --> src/main.rs:55:16
[INFO] [stdout]    |
[INFO] [stdout] 55 |     let poll = mio::Poll::new().unwrap();
[INFO] [stdout]    |                ^^^ use of undeclared crate or module `mio`
[INFO] [stdout]    |
[INFO] [stdout] help: consider importing one of these items
[INFO] [stdout]    |
[INFO] [stdout] 28 + use core::task::Poll;
[INFO] [stdout]    |
[INFO] [stdout] 28 + use std::task::Poll;
[INFO] [stdout]    |
[INFO] [stdout] help: if you import `Poll`, refer to it directly
[INFO] [stdout]    |
[INFO] [stdout] 55 -     let poll = mio::Poll::new().unwrap();
[INFO] [stdout] 55 +     let poll = Poll::new().unwrap();
[INFO] [stdout]    |
[INFO] [stdout] 
[INFO] [stdout] 
[INFO] [stdout] error[E0433]: failed to resolve: use of undeclared crate or module `mio`
[INFO] [stdout]   --> src/main.rs:59:18
[INFO] [stdout]    |
[INFO] [stdout] 59 |     let socket = mio::net::UdpSocket::from_socket(socket).unwrap();
[INFO] [stdout]    |                  ^^^ use of undeclared crate or module `mio`
[INFO] [stdout]    |
[INFO] [stdout] help: consider importing one of these items
[INFO] [stdout]    |
[INFO] [stdout] 28 + use crate::net::UdpSocket;
[INFO] [stdout]    |
[INFO] [stdout] 28 + use std::net::UdpSocket;
[INFO] [stdout]    |
[INFO] [stdout] help: if you import `UdpSocket`, refer to it directly
[INFO] [stdout]    |
[INFO] [stdout] 59 -     let socket = mio::net::UdpSocket::from_socket(socket).unwrap();
[INFO] [stdout] 59 +     let socket = UdpSocket::from_socket(socket).unwrap();
[INFO] [stdout]    |
[INFO] [stdout] 
[INFO] [stdout] 
[INFO] [stdout] error[E0433]: failed to resolve: use of undeclared crate or module `mio`
[INFO] [stdout]   --> src/main.rs:59:18
[INFO] [stdout]    |
[INFO] [stdout] 59 |     let socket = mio::net::UdpSocket::from_socket(socket).unwrap();
[INFO] [stdout]    |                  ^^^ use of undeclared crate or module `mio`
[INFO] [stdout]    |
[INFO] [stdout] help: consider importing one of these items
[INFO] [stdout]    |
[INFO] [stdout] 28 + use crate::net::UdpSocket;
[INFO] [stdout]    |
[INFO] [stdout] 28 + use std::net::UdpSocket;
[INFO] [stdout]    |
[INFO] [stdout] help: if you import `UdpSocket`, refer to it directly
[INFO] [stdout]    |
[INFO] [stdout] 59 -     let socket = mio::net::UdpSocket::from_socket(socket).unwrap();
[INFO] [stdout] 59 +     let socket = UdpSocket::from_socket(socket).unwrap();
[INFO] [stdout]    |
[INFO] [stdout] 
[INFO] [stdout] 
[INFO] [stdout] error[E0433]: failed to resolve: use of undeclared crate or module `mio`
[INFO] [stdout]   --> src/main.rs:63:9
[INFO] [stdout]    |
[INFO] [stdout] 63 |         mio::Ready::readable(),
[INFO] [stdout]    |         ^^^ use of undeclared crate or module `mio`
[INFO] [stdout]    |
[INFO] [stdout] help: consider importing one of these items
[INFO] [stdout]    |
[INFO] [stdout] 28 + use core::future::Ready;
[INFO] [stdout]    |
[INFO] [stdout] 28 + use std::future::Ready;
[INFO] [stdout]    |
[INFO] [stdout] help: if you import `Ready`, refer to it directly
[INFO] [stdout]    |
[INFO] [stdout] 63 -         mio::Ready::readable(),
[INFO] [stdout] 63 +         Ready::readable(),
[INFO] [stdout]    |
[INFO] [stdout] 
[INFO] [stdout] 
[INFO] [stdout] error[E0433]: failed to resolve: use of undeclared crate or module `mio`
[INFO] [stdout]   --> src/main.rs:63:9
[INFO] [stdout]    |
[INFO] [stdout] 63 |         mio::Ready::readable(),
[INFO] [stdout]    |         ^^^ use of undeclared crate or module `mio`
[INFO] [stdout]    |
[INFO] [stdout] help: consider importing one of these items
[INFO] [stdout]    |
[INFO] [stdout] 28 + use core::future::Ready;
[INFO] [stdout]    |
[INFO] [stdout] 28 + use std::future::Ready;
[INFO] [stdout]    |
[INFO] [stdout] help: if you import `Ready`, refer to it directly
[INFO] [stdout]    |
[INFO] [stdout] 63 -         mio::Ready::readable(),
[INFO] [stdout] 63 +         Ready::readable(),
[INFO] [stdout]    |
[INFO] [stdout] 
[INFO] [stdout] 
[INFO] [stdout] error[E0433]: failed to resolve: use of undeclared crate or module `ring`
[INFO] [stdout]   --> src/main.rs:92:9
[INFO] [stdout]    |
[INFO] [stdout] 92 |         ring::hmac::Key::generate(ring::hmac::HMAC_SHA256, &rng).unwrap();
[INFO] [stdout]    |         ^^^^ use of undeclared crate or module `ring`
[INFO] [stdout]    |
[INFO] [stdout] help: consider importing this struct
[INFO] [stdout]    |
[INFO] [stdout] 28 + use std::thread::local_impl::Key;
[INFO] [stdout]    |
[INFO] [stdout] help: if you import `Key`, refer to it directly
[INFO] [stdout]    |
[INFO] [stdout] 92 -         ring::hmac::Key::generate(ring::hmac::HMAC_SHA256, &rng).unwrap();
[INFO] [stdout] 92 +         Key::generate(ring::hmac::HMAC_SHA256, &rng).unwrap();
[INFO] [stdout]    |
[INFO] [stdout] 
[INFO] [stdout] 
[INFO] [stdout] error[E0433]: failed to resolve: use of undeclared crate or module `ring`
[INFO] [stdout]   --> src/main.rs:92:9
[INFO] [stdout]    |
[INFO] [stdout] 92 |         ring::hmac::Key::generate(ring::hmac::HMAC_SHA256, &rng).unwrap();
[INFO] [stdout]    |         ^^^^ use of undeclared crate or module `ring`
[INFO] [stdout]    |
[INFO] [stdout] help: consider importing this struct
[INFO] [stdout]    |
[INFO] [stdout] 28 + use std::thread::local_impl::Key;
[INFO] [stdout]    |
[INFO] [stdout] help: if you import `Key`, refer to it directly
[INFO] [stdout]    |
[INFO] [stdout] 92 -         ring::hmac::Key::generate(ring::hmac::HMAC_SHA256, &rng).unwrap();
[INFO] [stdout] 92 +         Key::generate(ring::hmac::HMAC_SHA256, &rng).unwrap();
[INFO] [stdout]    |
[INFO] [stdout] 
[INFO] [stdout] 
[INFO] [stdout] error[E0433]: failed to resolve: use of undeclared crate or module `mio`
[INFO] [stdout]   --> src/main.rs:62:9
[INFO] [stdout]    |
[INFO] [stdout] 62 |         mio::Token(0),
[INFO] [stdout]    |         ^^^ use of undeclared crate or module `mio`
[INFO] [stdout] 
[INFO] [stdout] 
[INFO] [stdout] error[E0433]: failed to resolve: use of undeclared crate or module `mio`
[INFO] [stdout]   --> src/main.rs:62:9
[INFO] [stdout]    |
[INFO] [stdout] 62 |         mio::Token(0),
[INFO] [stdout]    |         ^^^ use of undeclared crate or module `mio`
[INFO] [stdout] 
[INFO] [stdout] 
[INFO] [stdout] error[E0433]: failed to resolve: use of undeclared type `SystemRandom`
[INFO] [stdout]   --> src/main.rs:90:15
[INFO] [stdout]    |
[INFO] [stdout] 90 |     let rng = SystemRandom::new();
[INFO] [stdout]    |               ^^^^^^^^^^^^ use of undeclared type `SystemRandom`
[INFO] [stdout] 
[INFO] [stdout] 
[INFO] [stdout] error[E0433]: failed to resolve: use of undeclared type `SystemRandom`
[INFO] [stdout]   --> src/main.rs:90:15
[INFO] [stdout]    |
[INFO] [stdout] 90 |     let rng = SystemRandom::new();
[INFO] [stdout]    |               ^^^^^^^^^^^^ use of undeclared type `SystemRandom`
[INFO] [stdout] 
[INFO] [stdout] 
[INFO] [stdout] error[E0308]: mismatched types
[INFO] [stdout]    --> src/main.rs:211:21
[INFO] [stdout]     |
[INFO] [stdout] 211 |                     conn,
[INFO] [stdout]     |                     ^^^^ expected `Pin<Box<Connection>>`, found `Connection`
[INFO] [stdout]     |
[INFO] [stdout]     = note: expected struct `Pin<Box<quiche::Connection>>`
[INFO] [stdout]                found struct `quiche::Connection`
[INFO] [stdout] help: you need to pin and box this expression
[INFO] [stdout]     |
[INFO] [stdout] 211 |                     Box::pin(conn),
[INFO] [stdout]     |                     +++++++++    +
[INFO] [stdout] 
[INFO] [stdout] 
[INFO] [stdout] error[E0308]: mismatched types
[INFO] [stdout]    --> src/main.rs:211:21
[INFO] [stdout]     |
[INFO] [stdout] 211 |                     conn,
[INFO] [stdout]     |                     ^^^^ expected `Pin<Box<Connection>>`, found `Connection`
[INFO] [stdout]     |
[INFO] [stdout]     = note: expected struct `Pin<Box<quiche::Connection>>`
[INFO] [stdout]                found struct `quiche::Connection`
[INFO] [stdout] help: you need to pin and box this expression
[INFO] [stdout]     |
[INFO] [stdout] 211 |                     Box::pin(conn),
[INFO] [stdout]     |                     +++++++++    +
[INFO] [stdout] 
[INFO] [stdout] 
[INFO] [stdout] error: aborting due to 44 previous errors
[INFO] [stdout] 
[INFO] [stdout] 
[INFO] [stdout] Some errors have detailed explanations: E0308, E0433, E0463.
[INFO] [stdout] 
[INFO] [stdout] For more information about an error, try `rustc --explain E0308`.
[INFO] [stdout] 
[INFO] [stdout] error: aborting due to 44 previous errors
[INFO] [stdout] 
[INFO] [stdout] 
[INFO] [stdout] Some errors have detailed explanations: E0308, E0433, E0463.
[INFO] [stdout] 
[INFO] [stdout] For more information about an error, try `rustc --explain E0308`.
[INFO] [stdout] 
[INFO] [stderr] error: could not compile `h3-quiche` (bin "h3-quiche" test) due to 45 previous errors
[INFO] [stderr] warning: build failed, waiting for other jobs to finish...
[INFO] [stderr] error: could not compile `h3-quiche` (bin "h3-quiche") due to 45 previous errors
[INFO] running `Command { std: "docker" "inspect" "4c4ff29002a380ac6e913e0b6b79ad886dfa0266c1aa02daee2ab3b37dcba5a1", kill_on_drop: false }`
[INFO] running `Command { std: "docker" "rm" "-f" "4c4ff29002a380ac6e913e0b6b79ad886dfa0266c1aa02daee2ab3b37dcba5a1", kill_on_drop: false }`
[INFO] [stdout] 4c4ff29002a380ac6e913e0b6b79ad886dfa0266c1aa02daee2ab3b37dcba5a1
